[INFO] cloning repository https://github.com/ackxolotl/game-of-life-avx
[INFO] running `Command { std: "git" "-c" "credential.helper=" "-c" "credential.helper=/workspace/cargo-home/bin/git-credential-null" "clone" "--bare" "https://github.com/ackxolotl/game-of-life-avx" "/workspace/cache/git-repos/https%3A%2F%2Fgithub.com%2Fackxolotl%2Fgame-of-life-avx", kill_on_drop: false }`
[INFO] [stderr] Cloning into bare repository '/workspace/cache/git-repos/https%3A%2F%2Fgithub.com%2Fackxolotl%2Fgame-of-life-avx'...
[INFO] running `Command { std: "git" "rev-parse" "HEAD", kill_on_drop: false }`
[INFO] [stdout] 879c77382972dda001545cbebebb8fd6359ab88f
[INFO] checking ackxolotl/game-of-life-avx against master#e6e4f7ed1589e03bc2f6c5931c1a72e7947e8682 for beta-170-4
[INFO] running `Command { std: "git" "clone" "/workspace/cache/git-repos/https%3A%2F%2Fgithub.com%2Fackxolotl%2Fgame-of-life-avx" "/workspace/builds/worker-6-tc2/source", kill_on_drop: false }`
[INFO] [stderr] Cloning into '/workspace/builds/worker-6-tc2/source'...
[INFO] [stderr] done.
[INFO] validating manifest of git repo https://github.com/ackxolotl/game-of-life-avx on toolchain e6e4f7ed1589e03bc2f6c5931c1a72e7947e8682
[INFO] running `Command { std: CARGO_HOME="/workspace/cargo-home" RUSTUP_HOME="/workspace/rustup-home" "/workspace/cargo-home/bin/cargo" "+e6e4f7ed1589e03bc2f6c5931c1a72e7947e8682" "metadata" "--manifest-path" "Cargo.toml" "--no-deps", kill_on_drop: false }`
[INFO] started tweaking git repo https://github.com/ackxolotl/game-of-life-avx
[INFO] finished tweaking git repo https://github.com/ackxolotl/game-of-life-avx
[INFO] tweaked toml for git repo https://github.com/ackxolotl/game-of-life-avx written to /workspace/builds/worker-6-tc2/source/Cargo.toml
[INFO] crate git repo https://github.com/ackxolotl/game-of-life-avx already has a lockfile, it will not be regenerated
[INFO] running `Command { std: CARGO_HOME="/workspace/cargo-home" RUSTUP_HOME="/workspace/rustup-home" "/workspace/cargo-home/bin/cargo" "+e6e4f7ed1589e03bc2f6c5931c1a72e7947e8682" "fetch" "--manifest-path" "Cargo.toml", kill_on_drop: false }`
[INFO] [stderr]     Blocking waiting for file lock on package cache
[INFO] running `Command { std: "docker" "create" "-v" "/var/lib/crater-agent-workspace/builds/worker-6-tc2/target:/opt/rustwide/target:rw,Z" "-v" "/var/lib/crater-agent-workspace/builds/worker-6-tc2/source:/opt/rustwide/workdir:ro,Z" "-v" "/var/lib/crater-agent-workspace/cargo-home:/opt/rustwide/cargo-home:ro,Z" "-v" "/var/lib/crater-agent-workspace/rustup-home:/opt/rustwide/rustup-home:ro,Z" "-e" "SOURCE_DIR=/opt/rustwide/workdir" "-e" "CARGO_TARGET_DIR=/opt/rustwide/target" "-e" "CARGO_HOME=/opt/rustwide/cargo-home" "-e" "RUSTUP_HOME=/opt/rustwide/rustup-home" "-w" "/opt/rustwide/workdir" "-m" "1610612736" "--user" "0:0" "--network" "none" "ghcr.io/rust-lang/crates-build-env/linux@sha256:5ff2268d62e97bff2cde7d5815dd6ed5b47097566f13b8d0ca110b04b60e07ed" "/opt/rustwide/cargo-home/bin/cargo" "+e6e4f7ed1589e03bc2f6c5931c1a72e7947e8682" "metadata" "--no-deps" "--format-version=1", kill_on_drop: false }`
[INFO] [stdout] 6c3c0d43d42866d7f8c368d07840905cad604ecbf366822237af3db01865710f
[INFO] running `Command { std: "docker" "start" "-a" "6c3c0d43d42866d7f8c368d07840905cad604ecbf366822237af3db01865710f", kill_on_drop: false }`
[INFO] running `Command { std: "docker" "inspect" "6c3c0d43d42866d7f8c368d07840905cad604ecbf366822237af3db01865710f", kill_on_drop: false }`
[INFO] running `Command { std: "docker" "rm" "-f" "6c3c0d43d42866d7f8c368d07840905cad604ecbf366822237af3db01865710f", kill_on_drop: false }`
[INFO] [stdout] 6c3c0d43d42866d7f8c368d07840905cad604ecbf366822237af3db01865710f
[INFO] running `Command { std: "docker" "create" "-v" "/var/lib/crater-agent-workspace/builds/worker-6-tc2/target:/opt/rustwide/target:rw,Z" "-v" "/var/lib/crater-agent-workspace/builds/worker-6-tc2/source:/opt/rustwide/workdir:ro,Z" "-v" "/var/lib/crater-agent-workspace/cargo-home:/opt/rustwide/cargo-home:ro,Z" "-v" "/var/lib/crater-agent-workspace/rustup-home:/opt/rustwide/rustup-home:ro,Z" "-e" "SOURCE_DIR=/opt/rustwide/workdir" "-e" "CARGO_TARGET_DIR=/opt/rustwide/target" "-e" "CARGO_INCREMENTAL=0" "-e" "RUST_BACKTRACE=full" "-e" "RUSTFLAGS=--cap-lints=forbid" "-e" "RUSTDOCFLAGS=--cap-lints=forbid" "-e" "CARGO_HOME=/opt/rustwide/cargo-home" "-e" "RUSTUP_HOME=/opt/rustwide/rustup-home" "-w" "/opt/rustwide/workdir" "-m" "1610612736" "--user" "0:0" "--network" "none" "ghcr.io/rust-lang/crates-build-env/linux@sha256:5ff2268d62e97bff2cde7d5815dd6ed5b47097566f13b8d0ca110b04b60e07ed" "/opt/rustwide/cargo-home/bin/cargo" "+e6e4f7ed1589e03bc2f6c5931c1a72e7947e8682" "check" "--frozen" "--all" "--all-targets" "--message-format=json", kill_on_drop: false }`
[INFO] [stdout] 33e345c625150d560f637c9e455f6e6a327481f6a0784b82887946b1773a639e
[INFO] running `Command { std: "docker" "start" "-a" "33e345c625150d560f637c9e455f6e6a327481f6a0784b82887946b1773a639e", kill_on_drop: false }`
[INFO] [stderr]     Checking game-of-life-avx v0.1.0 (/opt/rustwide/workdir)
[INFO] [stdout] error[E0599]: no method named `step` found for union `M256` in the current scope
[INFO] [stdout]    --> src/main.rs:153:22
[INFO] [stdout]     |
[INFO] [stdout] 16  | union M256 {
[INFO] [stdout]     | ---------- method `step` not found for this union
[INFO] [stdout] ...
[INFO] [stdout] 153 |             universe.step();
[INFO] [stdout]     |                      ^^^^ method not found in `M256`
[INFO] [stdout] 
[INFO] [stdout] 
[INFO] [stdout] error[E0599]: no method named `step` found for union `M256` in the current scope
[INFO] [stdout]    --> src/main.rs:153:22
[INFO] [stdout]     |
[INFO] [stdout] 16  | union M256 {
[INFO] [stdout]     | ---------- method `step` not found for this union
[INFO] [stdout] ...
[INFO] [stdout] 153 |             universe.step();
[INFO] [stdout]     |                      ^^^^ method not found in `M256`
[INFO] [stdout] 
[INFO] [stdout] 
[INFO] [stdout] error[E0599]: no method named `step` found for union `M256` in the current scope
[INFO] [stdout]    --> src/main.rs:163:22
[INFO] [stdout]     |
[INFO] [stdout] 16  | union M256 {
[INFO] [stdout]     | ---------- method `step` not found for this union
[INFO] [stdout] ...
[INFO] [stdout] 163 |             universe.step();
[INFO] [stdout]     |                      ^^^^ method not found in `M256`
[INFO] [stdout] 
[INFO] [stdout] 
[INFO] [stdout] error[E0599]: no method named `step` found for union `M256` in the current scope
[INFO] [stdout]    --> src/main.rs:163:22
[INFO] [stdout]     |
[INFO] [stdout] 16  | union M256 {
[INFO] [stdout]     | ---------- method `step` not found for this union
[INFO] [stdout] ...
[INFO] [stdout] 163 |             universe.step();
[INFO] [stdout]     |                      ^^^^ method not found in `M256`
[INFO] [stdout] 
[INFO] [stdout] 
[INFO] [stdout] error: aborting due to 2 previous errors
[INFO] [stdout] 
[INFO] [stdout] 
[INFO] [stdout] For more information about this error, try `rustc --explain E0599`.
[INFO] [stdout] 
[INFO] [stdout] error[E0599]: no method named `step` found for union `M256` in the current scope
[INFO] [stdout]    --> src/main.rs:192:18
[INFO] [stdout]     |
[INFO] [stdout] 16  | union M256 {
[INFO] [stdout]     | ---------- method `step` not found for this union
[INFO] [stdout] ...
[INFO] [stdout] 192 |         universe.step();
[INFO] [stdout]     |                  ^^^^ method not found in `M256`
[INFO] [stdout] 
[INFO] [stdout] 
[INFO] [stderr] error: could not compile `game-of-life-avx` (bin "game-of-life-avx") due to 3 previous errors
[INFO] [stderr] warning: build failed, waiting for other jobs to finish...
[INFO] [stdout] error[E0599]: no method named `step` found for union `M256` in the current scope
[INFO] [stdout]    --> src/main.rs:214:18
[INFO] [stdout]     |
[INFO] [stdout] 16  | union M256 {
[INFO] [stdout]     | ---------- method `step` not found for this union
[INFO] [stdout] ...
[INFO] [stdout] 214 |         universe.step();
[INFO] [stdout]     |                  ^^^^ method not found in `M256`
[INFO] [stdout] 
[INFO] [stdout] 
[INFO] [stdout] error[E0599]: no method named `step` found for union `M256` in the current scope
[INFO] [stdout]    --> src/main.rs:247:18
[INFO] [stdout]     |
[INFO] [stdout] 16  | union M256 {
[INFO] [stdout]     | ---------- method `step` not found for this union
[INFO] [stdout] ...
[INFO] [stdout] 247 |         universe.step();
[INFO] [stdout]     |                  ^^^^ method not found in `M256`
[INFO] [stdout] 
[INFO] [stdout] 
[INFO] [stdout] error[E0599]: no method named `step` found for union `M256` in the current scope
[INFO] [stdout]    --> src/main.rs:255:18
[INFO] [stdout]     |
[INFO] [stdout] 16  | union M256 {
[INFO] [stdout]     | ---------- method `step` not found for this union
[INFO] [stdout] ...
[INFO] [stdout] 255 |         universe.step();
[INFO] [stdout]     |                  ^^^^ method not found in `M256`
[INFO] [stdout] 
[INFO] [stdout] 
[INFO] [stdout] error: aborting due to 6 previous errors
[INFO] [stdout] 
[INFO] [stdout] 
[INFO] [stdout] For more information about this error, try `rustc --explain E0599`.
[INFO] [stdout] 
[INFO] [stderr] error: could not compile `game-of-life-avx` (bin "game-of-life-avx" test) due to 7 previous errors
[INFO] running `Command { std: "docker" "inspect" "33e345c625150d560f637c9e455f6e6a327481f6a0784b82887946b1773a639e", kill_on_drop: false }`
[INFO] running `Command { std: "docker" "rm" "-f" "33e345c625150d560f637c9e455f6e6a327481f6a0784b82887946b1773a639e", kill_on_drop: false }`
[INFO] [stdout] 33e345c625150d560f637c9e455f6e6a327481f6a0784b82887946b1773a639e
